ppose 2*j = -3 - 3. Is j/(-18)*-2*-555 a prime number?
False
Is 296 - 6/(4/(-2)) a composite number?
True
Let y(n) = n + 75. Let w be y(0). Suppose -4*q - 4*m = -q + 100, -6 = -3*m. Let l = q + w. Is l composite?
True
Suppose 0 = 43*c - 45*c + 834. Is c a composite number?
True
Suppose -b - 1607 = -0*u - 3*u, 2150 = 4*u - 5*b. Is u prime?
False
Let s be 2*(0 - (-9)/6). Suppose -c + 149 = v + s*v, 4*c - 2*v = 632. Is c a composite number?
False
Let b = 140 - 37. Let j = b + 116. Suppose -j = -r + 3*y - y, y + 652 = 3*r. Is r a composite number?
True
Suppose 2*t = 1 + 5. Suppose t*r + 2*r = 50. Let j(p) = -p**2 + 15*p - 13. Is j(r) prime?
True
Let g be 1/(-3*1/(-84)). Suppose 3*v = 4*v - 3*m - g, 58 = 3*v + 4*m. Is v prime?
False
Let z(w) = -w**3 + 2*w - 1. Let u be z(1). Suppose -6*a + a + 10 = u. Is 26/(0 + 3 - a) a composite number?
True
Let f = 4745 - 7334. Is -2*(0 - f/(-6)) prime?
True
Suppose 0 = 5*u - 2*u. Let c(d) = -2*d - 4. Let n be c(-2). Suppose -3*f + u + 159 = n. Is f composite?
False
Let d be (-3)/12 + 70/(-8). Let o = d - -13. Let h = o + 81. Is h composite?
True
Let r be 0 - 0 - (-8 - -5). Suppose v + r*v = 868. Let j = v + -104. Is j a composite number?
False
Let j = -94 + 131. Suppose 4*x - 55 = j. Is x composite?
False
Suppose -3*j - 15 = -2*c, -c + 5*j + 25 = -6*c. Suppose 5*o + c*o = 410. Is o composite?
True
Suppose 5*z + 25 = 0, 2*z = -5*p + 4*z + 1595. Is p a prime number?
True
Suppose -i - 6 = -0. Let b(u) be the first derivative of -u**2/2 + u - 2. Is b(i) composite?
False
Suppose 4*c + 21 + 19 = 0. Let n be 2/c - (-531)/5. Suppose n = 4*v + 6. Is v a composite number?
True
Suppose 619 = 2*y - z, -3*y + 0*z = -2*z - 931. Is y a prime number?
True
Suppose 734 = y + 5*j, 2*y - 1948 = 5*j - 555. Is y a composite number?
False
Suppose 5*l - 2*l = -2*v + 3677, 4*v = -5*l + 7357. Is v composite?
True
Let p(b) = b**3 + b**2 - 9*b - 10. Is p(7) a prime number?
False
Let v be (-6)/9 + 301/(-3). Let k = 234 + v. Is k composite?
True
Suppose 4*s + 5*m = 855 - 124, -361 = -2*s - m. Is s prime?
True
Suppose -w = -333 - 830. Is w composite?
False
Let r(g) = 22*g**2 - 3*g - 14. Is r(5) prime?
True
Let z(h) = -27*h - 2. Let c be z(-7). Suppose 108 = -5*b - c. Let k = b + 142. Is k composite?
False
Suppose -18*d = -14*d - 716. Is d prime?
True
Let i(g) = -g**3 - 2*g**2 - 2*g - 1. Let b be i(-1). Suppose b*a + 5*a - 395 = 0. Is a a prime number?
True
Let u = -170 - -381. Is u a composite number?
False
Is (-1 - -146) + (1 - 5) a composite number?
True
Let c(f) = 38*f**2 - 4*f + 6. Let r(t) = -2*t + 2*t + 0 - 3*t + 25*t**2 + 4. Let y(q) = -5*c(q) + 8*r(q). Is y(2) a composite number?
True
Suppose -2*h + 0*a - 8 = 3*a, 2*a = 2*h - 12. Suppose h*g = 52 + 50. Is g composite?
True
Let x(n) = 338*n**3 - 3*n**2 - 4*n + 4. Let t(k) = 1013*k**3 - 8*k**2 - 11*k + 11. Let m(v) = 4*t(v) - 11*x(v). Is m(1) a prime number?
False
Let k(f) = f**2 + 5*f - 10. Let b be k(-7). Suppose 0 = -4*s + 4*d + 20, -2*d = -b*s + 3*d + 25. Suppose 5*z + l = 4*l + 101, 2*l + 4 = s. Is z prime?
True
Is (2 + 3090)/(10 - 9) + -1 prime?
False
Suppose -2*s + 1312 = 2*l, 2*l - 2*s = 3*l - 659. Is l prime?
True
Suppose 0 = -3*w + 12, 5*l + 3*w - 40 = -2*w. Suppose -688 = -6*o + 2*o - 4*t, -656 = -4*o + l*t. Let s = 299 - o. Is s composite?
False
Let b(p) be the first derivative of 5*p**2/2 + 2*p - 1. Is b(7) a composite number?
False
Let a = 3 + 2. Suppose 0*w = -a*w + 1015. Is w composite?
True
Let x(l) = l**3 - 6*l**2 - 9*l - 2. Let i be x(7). Let z = 15 - i. Is z composite?
False
Let k be 2 + 0 + 50*2. Let y = -174 + k. Let f = y - -125. Is f a prime number?
True
Suppose 9*t - 259 = 2*t. Is t a composite number?
False
Suppose 110 = -5*v + 385. Is v composite?
True
Suppose 0*d = 4*u + d - 349, 12 = -4*d. Suppose -3*y + 36 = -4*z, -5*y - z + u = 28. Let w = 31 - y. Is w a composite number?
False
Suppose 0 = -4*k - k + 480. Suppose -2*c + 18 = -k. Is c prime?
False
Suppose -5*y = -6 - 4. Suppose -3*b + 4*b + y = 0. Is 489*b/12*-2 a composite number?
False
Is 55 + ((-16)/(-4))/(-1) a composite number?
True
Let z = -4559 + 6438. Is z prime?
True
Is 1/(-4) + (34442/(-8))/(-17) prime?
False
Let u = 281 - 70. Is u a composite number?
False
Let r(m) = -m**3 - 7*m**2 - 7*m + 8. Let j be r(-7). Suppose 2*a + j = 5*a. Is a a prime number?
True
Suppose -4*c + 7*c - 2*b - 38 = 0, c - 30 = 5*b. Is 2106/45 + 2/c a composite number?
False
Let q be (-1)/2 - (-5)/10. Suppose q = -0*a - 2*a + 42. Is a composite?
True
Let r = 41 + 270. Let c(g) = -30*g - 8. Let o be c(-6). Let n = r - o. Is n composite?
False
Suppose -2*l + 7*l - 5*o = 220, o + 200 = 5*l. Is l a composite number?
True
Let a be 2/6 + (-2416)/(-6). Suppose -d + j + 85 = 0, -5*d + a = 5*j + 8. Is d a prime number?
False
Let a be 1/(495/(-500) - -1). Suppose -135 = -9*c + 4*c. Suppose c + a = l. Is l composite?
False
Suppose 0 = -12*o + 9*o + 789. Is o a composite number?
False
Suppose 0*a - 3*r = 5*a - 1943, 0 = 4*a + 2*r - 1556. Suppose 3*f - 4*t = -a + 1304, 5*t = -5*f + 1545. Is f a prime number?
True
Let m(v) = -82*v - 3. Let t(u) = 10823*u + 395. Let g(h) = -h**3 + 2*h**2 + 3*h - 3. Let n be g(2). Let s(l) = n*t(l) + 395*m(l). Is s(1) a composite number?
False
Is (-4)/14 - (-6 - 24396/28) a prime number?
True
Let g be (-1 + 0)/(1/(-19)). Let c(j) = -j**3 - 3*j**2 + 2*j + 6. Let f be c(-6). Let d = f - g. Is d a prime number?
True
Is (-1 - -2)*3 + 328 a composite number?
False
Let q = -1638 + 2345. Is q a prime number?
False
Let g be (-10)/(-85) - (-5081)/17. Is (3/3)/(1/g) a prime number?
False
Suppose 2*h + 634 = 5*g, 3*g - 514 + 144 = -4*h. Suppose g - 44 = -r. Let c = r + 137. Is c a prime number?
False
Let r(t) = -t**3 - 3*t**2 - 2*t. Let m be r(-3). Suppose 0 = y - 4*y + m. Suppose -34 = y*o - 192. Is o a composite number?
False
Let d(c) = 3*c**2 - 4*c + 4. Is d(3) composite?
False
Suppose -a - 2*a = 5*u - 128, -4*a + 194 = -5*u. Suppose -3*c = -0*c - 5*j - a, -4*c + 38 = -2*j. Is c prime?
True
Let o(i) be the third derivative of -i**5/15 + 3*i**4/8 + 4*i**3/3 + i**2. Let a be o(7). Let c = a + 178. Is c a prime number?
True
Let h(p) be the first derivative of p**2/2 + 20*p + 1. Is h(-9) composite?
False
Let q(w) = 2*w**3 - 5*w**2 - w - 8. Let i be q(6). Suppose -3*a = 0, -5*c + i = -3*c - 2*a. Is c composite?
True
Suppose 0 = -2*u - 137 + 23. Is u/(-2)*28/6 a prime number?
False
Is (9/9)/((-1)/(-67)) composite?
False
Let a(d) = d**2 - d - 6. Let n(i) = -i**2 + 8*i - 7. Let p be n(6). Is a(p) composite?
True
Suppose y - 2 = 2*b, 5*y + 2 + 0 = -2*b. Is 262/2 - (2 + y) prime?
False
Let m = 22 + -15. Let b(q) = q**3 - q**2 + q. Let v(f) = -7*f**3 + 14*f**2 - 15*f + 8. Let y(k) = -6*b(k) - v(k). Is y(m) prime?
False
Let n(j) = j**2 + j - 1. Let c(i) = 36*i**2 + 6*i - 4. Let z(o) = c(o) - 5*n(o). Is z(2) prime?
True
Let d = 122 + 5. Is d a prime number?
True
Let c be (2 + -1)*1*19. Suppose -m = -6*m + 40. Let l = c - m. Is l a prime number?
True
Suppose -x = 4*h - 140, h - 24 = -x + 11. Is (2 - h)*(-5)/3 composite?
True
Suppose 4*k - 2*w = 570, -k = -2*w + 4*w - 155. Is k a prime number?
False
Suppose -5 = 4*k + k, 4*k - 606 = -2*m. Is m prime?
False
Suppose -106 + 671 = 5*c. Is c a composite number?
False
Suppose 0 = -5*p - 5*y - 3565, p = -0*p - 5*y - 713. Let c = 1014 + p. Is c a prime number?
False
Let r = 5 - 9. Let s = 0 - r. Suppose -o - z + 8 = 0, -18 = -s*o - 0*o + 3*z. Is o prime?
False
Let h(c) = -c**2 - 6*c - 1. Let d be h(-5). Suppose -b - d*b + 335 = 0. Suppose -3*s - b = 5*o - 255, -3*o - 4*s = -115. Is o a composite number?
False
Suppose -28*d + 27*d + 23 = 0. Is d a composite number?
False
Let q(s) = 6 + 3 + 0 + s. Let o be q(8). Suppose -2*t + o + 141 = 0. Is t a prime number?
True
Let w(n) be the second derivative of n**5/60 + n**4/24 + 49*n**3/6 - 2*n**2 + n. Let s(h) be the first derivative of w(h). Is s(0) a composite number?
True
Let l = 69 + -47. Is (-8)/(-44) - (-238)/l prime?
True
Let m be 7*-1*(-5 - 0). Suppose -5*u = -3*k + m, -4*k + 8 = -0*k + 3*u. Suppose 0 = -k*w + 118 + 57. Is w prime?
False
Let p(a) = -a**3 + 6*a**2 + 10*a + 17. Is p(-6) composite?
False
Suppose 0 = -8*a + 3*a + 28390. Suppose -788 = -5*b - a. Is ((-6)/(-9))/((-4)/b) a prime number?
True
Let s be (0 - 0) + 0 + 0. Suppo